{"id":8,"date":"2016-07-31T20:09:01","date_gmt":"2016-07-31T20:09:01","guid":{"rendered":"http:\/\/kirsten-klein.de\/?page_id=8"},"modified":"2022-08-16T16:45:54","modified_gmt":"2022-08-16T14:45:54","slug":"8-2","status":"publish","type":"page","link":"https:\/\/kirsten-klein.de\/?page_id=8","title":{"rendered":"B\u00fccher"},"content":{"rendered":"<p><strong>B\u00fccher und Mitwirkung in Anthologien:<\/strong><\/p>\n<p>August 2022 &#8222;Euphemia \u2013 Chronik einer K\u00f6nigstochter&#8220;, historischer Roman (J. S. Klotz Verlagshaus)<\/p>\n<p>April 2020 &#8222;Jaspers L\u00e4cheln&#8220;, Heidelberg Krimi (J. S. Klotz Verlagshaus)<\/p>\n<p>M\u00e4rz 1998 \u201eDie Pfeile Gottes \u2013 Pforzheim im sp\u00e4ten Mittelalter\u201c, historischer Roman (Stieglitz Verlag, M\u00fchlacker)<\/p>\n<p>Dezember 2014 &#8222;Teufelsbrut \u2013 Die Kinderhexen von B\u00e4renbr\u00fcck&#8220;, historischer Roman (neobooks, epubli)<\/p>\n<p>September 2014 &#8222;Tochter von Frankreich \u2013 Das Geheimnis der Dunkelgr\u00e4fin, historischer Roman (neobooks, epubli)<\/p>\n<p>Oktober 2014 &#8222;Marder ahoi! Eine m\u00f6rderische Kreuzfahrt&#8220;, Tierkrimi (neobooks, epubli)<\/p>\n<p>Dezember 2015 &#8222;Eine feine Gesellschaft \u2013 Marder Misties zweiter Fall&#8220;, Tierkrimi (neobooks, epubli)<\/p>\n<p>Oktober 2018 &#8222;Marder Alarm! Ein m\u00f6rderischer Sommer&#8220;, Tierkrimi (neobooks, epubli)<\/p>\n<p>2016 &#8222;Gl\u00fcckskatzen&#8220;, Roman (dotbooks)<\/p>\n<p>Dezember 2003 \u201eMondlichtzauber\u201c (Bod, unterst\u00fctzt von Riecker&#8217;s Buchhandlung in Pforzheim)<\/p>\n<p>2016 &#8222;Notenkrieg&#8220; in der Anthologie &#8222;MordsKlasse&#8220; (Der Kleine Buch Verlag)<\/p>\n<p>November 1993 \u201eUnter einem Himmel\u201c in der Anthologie \u201eLicht und Schatten\u201c (Andrea Schmitz Verlag)<\/p>\n<p><strong>Sonstige Ver\u00f6ffentlichungen:<\/strong><\/p>\n<p>Kurzgeschichte \u201eFamilienbande\u201c, im Juni 1990 vom SDR (heute SWR) gesendet, im Rahmen des Kurzgeschichtenwettbewerbs \u201eDer Oberrheinische Rollwagen\u201c<\/p>\n<p>&nbsp;<\/p>\n","protected":false},"excerpt":{"rendered":"<p>B\u00fccher und Mitwirkung in Anthologien: August 2022 &#8222;Euphemia \u2013 Chronik einer K\u00f6nigstochter&#8220;, historischer Roman (J. S. Klotz Verlagshaus) April 2020 &#8222;Jaspers L\u00e4cheln&#8220;, Heidelberg Krimi (J. S. Klotz Verlagshaus) M\u00e4rz 1998 \u201eDie Pfeile Gottes \u2013 Pforzheim im sp\u00e4ten Mittelalter\u201c, historischer Roman &hellip; <a href=\"https:\/\/kirsten-klein.de\/?page_id=8\">Weiterlesen <span class=\"meta-nav\">&rarr;<\/span><\/a><\/p>\n","protected":false},"author":1,"featured_media":0,"parent":0,"menu_order":0,"comment_status":"closed","ping_status":"closed","template":"","meta":{"footnotes":""},"class_list":["post-8","page","type-page","status-publish","hentry"],"_links":{"self":[{"href":"https:\/\/kirsten-klein.de\/index.php?rest_route=\/wp\/v2\/pages\/8","targetHints":{"allow":["GET"]}}],"collection":[{"href":"https:\/\/kirsten-klein.de\/index.php?rest_route=\/wp\/v2\/pages"}],"about":[{"href":"https:\/\/kirsten-klein.de\/index.php?rest_route=\/wp\/v2\/types\/page"}],"author":[{"embeddable":true,"href":"https:\/\/kirsten-klein.de\/index.php?rest_route=\/wp\/v2\/users\/1"}],"replies":[{"embeddable":true,"href":"https:\/\/kirsten-klein.de\/index.php?rest_route=%2Fwp%2Fv2%2Fcomments&post=8"}],"version-history":[{"count":12,"href":"https:\/\/kirsten-klein.de\/index.php?rest_route=\/wp\/v2\/pages\/8\/revisions"}],"predecessor-version":[{"id":193,"href":"https:\/\/kirsten-klein.de\/index.php?rest_route=\/wp\/v2\/pages\/8\/revisions\/193"}],"wp:attachment":[{"href":"https:\/\/kirsten-klein.de\/index.php?rest_route=%2Fwp%2Fv2%2Fmedia&parent=8"}],"curies":[{"name":"wp","href":"https:\/\/api.w.org\/{rel}","templated":true}]}}