{"id":69,"date":"2016-08-05T19:09:04","date_gmt":"2016-08-05T19:09:04","guid":{"rendered":"http:\/\/kirsten-klein.de\/?page_id=69"},"modified":"2018-11-02T20:00:18","modified_gmt":"2018-11-02T18:00:18","slug":"eine-feine-gesellschaft-marder-misties-zweiter-fall","status":"publish","type":"page","link":"https:\/\/kirsten-klein.de\/?page_id=69","title":{"rendered":"Eine feine Gesellschaft \u2013 Marder Misties zweiter Fall"},"content":{"rendered":"<p><img loading=\"lazy\" decoding=\"async\" class=\"alignnone size-medium wp-image-70\" src=\"http:\/\/kirsten-klein.de\/wp-content\/uploads\/2016\/08\/Eine-feine-Gesellschaft-\u2013-Marder-Misties-zweiter-Fall-200x300.jpg\" alt=\"Eine feine Gesellschaft \u2013 Marder Misties zweiter Fall\" width=\"200\" height=\"300\" srcset=\"https:\/\/kirsten-klein.de\/wp-content\/uploads\/2016\/08\/Eine-feine-Gesellschaft-\u2013-Marder-Misties-zweiter-Fall-200x300.jpg 200w, https:\/\/kirsten-klein.de\/wp-content\/uploads\/2016\/08\/Eine-feine-Gesellschaft-\u2013-Marder-Misties-zweiter-Fall-768x1152.jpg 768w, https:\/\/kirsten-klein.de\/wp-content\/uploads\/2016\/08\/Eine-feine-Gesellschaft-\u2013-Marder-Misties-zweiter-Fall-683x1024.jpg 683w, https:\/\/kirsten-klein.de\/wp-content\/uploads\/2016\/08\/Eine-feine-Gesellschaft-\u2013-Marder-Misties-zweiter-Fall.jpg 1417w\" sizes=\"auto, (max-width: 200px) 100vw, 200px\" \/><\/p>\n<p>Tierkrimi<\/p>\n<p class=\"western\">Dank Steinmarder Mistie, Chihuahua-H\u00fcndin Lady und Schiffskater Captain Nemo konnte Antons Plan, seine steinreiche Gattin Sophia w\u00e4hrend einer Kreuzfahrt zu ermorden, vereitelt werden. Nun wohnt Mistie bei Lady, Sophia und deren neuem Freund, dem Tierarzt Sammy. Der hat in Sophias Villa, die im Stil eines Barockschl\u00f6sschens erbaut ist, eine Praxis eingerichtet. An einem Sommertag erscheint dort die geheimnisvolle Charlotte mit ihrem Hund. Steckt sie etwa mit Anton und seinem Knastbruder unter einer Decke und will die Villa ausspionieren? Die beiden sind n\u00e4mlich aus der Haft ausgebrochen und planen einen \u00dcberfall, gemeinsam mit einem weiteren Ganoven. Weil Sammy einem Notruf von Charlotte folgt, sind die Tiere auf sich allein gestellt. So werden, als die Bande anr\u00fcckt, an jenem schicksalstr\u00e4chtigen Tag wohl nur die B\u00e4ume rings um das abgelegene Anwesen Zeugen des Geschehens. Anton hat Sophia bittere Rache geschworen. Mit viel Spa\u00df und Spannung wollen Mistie und seine Freunde sie davor bewahren.<\/p>\n<p class=\"western\">epubli, Paperback, 11,90 \u20ac, ISBN: 978-3-7375-2710-1<\/p>\n<p class=\"western\">neobooks, eBook, 1,99 \u20ac, ISBN: 978-3-7380-5163-6<\/p>\n","protected":false},"excerpt":{"rendered":"<p>Tierkrimi Dank Steinmarder Mistie, Chihuahua-H\u00fcndin Lady und Schiffskater Captain Nemo konnte Antons Plan, seine steinreiche Gattin Sophia w\u00e4hrend einer Kreuzfahrt zu ermorden, vereitelt werden. Nun wohnt Mistie bei Lady, Sophia und deren neuem Freund, dem Tierarzt Sammy. Der hat in &hellip; <a href=\"https:\/\/kirsten-klein.de\/?page_id=69\">Weiterlesen <span class=\"meta-nav\">&rarr;<\/span><\/a><\/p>\n","protected":false},"author":1,"featured_media":0,"parent":8,"menu_order":0,"comment_status":"closed","ping_status":"closed","template":"","meta":{"footnotes":""},"class_list":["post-69","page","type-page","status-publish","hentry"],"_links":{"self":[{"href":"https:\/\/kirsten-klein.de\/index.php?rest_route=\/wp\/v2\/pages\/69","targetHints":{"allow":["GET"]}}],"collection":[{"href":"https:\/\/kirsten-klein.de\/index.php?rest_route=\/wp\/v2\/pages"}],"about":[{"href":"https:\/\/kirsten-klein.de\/index.php?rest_route=\/wp\/v2\/types\/page"}],"author":[{"embeddable":true,"href":"https:\/\/kirsten-klein.de\/index.php?rest_route=\/wp\/v2\/users\/1"}],"replies":[{"embeddable":true,"href":"https:\/\/kirsten-klein.de\/index.php?rest_route=%2Fwp%2Fv2%2Fcomments&post=69"}],"version-history":[{"count":4,"href":"https:\/\/kirsten-klein.de\/index.php?rest_route=\/wp\/v2\/pages\/69\/revisions"}],"predecessor-version":[{"id":110,"href":"https:\/\/kirsten-klein.de\/index.php?rest_route=\/wp\/v2\/pages\/69\/revisions\/110"}],"up":[{"embeddable":true,"href":"https:\/\/kirsten-klein.de\/index.php?rest_route=\/wp\/v2\/pages\/8"}],"wp:attachment":[{"href":"https:\/\/kirsten-klein.de\/index.php?rest_route=%2Fwp%2Fv2%2Fmedia&parent=69"}],"curies":[{"name":"wp","href":"https:\/\/api.w.org\/{rel}","templated":true}]}}