{"id":24,"date":"2016-07-31T20:37:59","date_gmt":"2016-07-31T20:37:59","guid":{"rendered":"http:\/\/kirsten-klein.de\/?page_id=24"},"modified":"2016-08-06T15:53:46","modified_gmt":"2016-08-06T15:53:46","slug":"teufelsbrut-2014","status":"publish","type":"page","link":"https:\/\/kirsten-klein.de\/?page_id=24","title":{"rendered":"Teufelsbrut \u2013 Die Kinderhexen von B\u00e4renbr\u00fcck"},"content":{"rendered":"<p><img loading=\"lazy\" decoding=\"async\" class=\"alignnone size-medium wp-image-35\" src=\"http:\/\/kirsten-klein.de\/wp-content\/uploads\/2016\/07\/teufelsbrut-198x300.jpg\" alt=\"teufelsbrut\" width=\"198\" height=\"300\" srcset=\"https:\/\/kirsten-klein.de\/wp-content\/uploads\/2016\/07\/teufelsbrut-198x300.jpg 198w, https:\/\/kirsten-klein.de\/wp-content\/uploads\/2016\/07\/teufelsbrut.jpg 500w\" sizes=\"auto, (max-width: 198px) 100vw, 198px\" \/><\/p>\n<p>Historischer Roman<\/p>\n<p class=\"western\" align=\"JUSTIFY\">B\u00e4renbr\u00fcck, eine mittelgro\u00dfe deutsche Stadt, im Fr\u00fchjahr 1669: Die f\u00fcnfj\u00e4hrige Marie Schaffer erz\u00e4hlt, sie fahre nachts mit ihrer Gro\u00dfmutter auf Besen oder B\u00f6cken zum Hexentanz hinaus und entfacht damit ein Lauffeuer, das bis zu Pfarrer Gottlob Lammer dringt. Der befragt das Kind und zeigt die Gro\u00dfmutter wegen des Verdachts auf Hexerei an. Ermutigt durch Marie, behauptet die zehnj\u00e4hrige Anna Wagner, der Teufel komme nachts zu ihr und beschlafe sie. Vergeblich hat sie sich bisher von ihrer Mutter Unterst\u00fctzung erhofft. Dann springt auch noch ein Funke des von Marie entfachten Lauffeuers auf den zw\u00f6lfj\u00e4hrigen Martin Heiliger \u00fcber, ein vernachl\u00e4ssigtes Tagel\u00f6hnerkind, das heimlich die Barbara Bickler aus der Nachbarschaft verehrt. Als Barbara schwanger wird und sich verm\u00e4hlt, f\u00fchlt Martin sich von ihr verraten und bezichtigt sie sowie sich selbst w\u00e4hrend der Hochzeitsfeier der Teufelsbuhlerei. Spitalpfarrer Gernot Wei\u00df will ihn vor der Inhaftierung im Verlies des Hexenturms bewahren. Doch nicht nur Martin ist bedroht. W\u00e4hrend Barbara sich k\u00fcnftig umgeben sieht von insgeheimen Anschuldigungen und schwelendem Misstrauen, kommt der \u201eTeufel\u201c nachts weiterhin zu Anna.<\/p>\n<p class=\"western\" align=\"JUSTIFY\">epubli, Paperback, 14,90 \u20ac, ISBN: 978-3-7375-2336-3<\/p>\n<p class=\"western\" align=\"JUSTIFY\">neobooks, eBook, 2,99 \u20ac, ISBN: 978-3-7380-0566-0<\/p>\n","protected":false},"excerpt":{"rendered":"<p>Historischer Roman B\u00e4renbr\u00fcck, eine mittelgro\u00dfe deutsche Stadt, im Fr\u00fchjahr 1669: Die f\u00fcnfj\u00e4hrige Marie Schaffer erz\u00e4hlt, sie fahre nachts mit ihrer Gro\u00dfmutter auf Besen oder B\u00f6cken zum Hexentanz hinaus und entfacht damit ein Lauffeuer, das bis zu Pfarrer Gottlob Lammer dringt. &hellip; <a href=\"https:\/\/kirsten-klein.de\/?page_id=24\">Weiterlesen <span class=\"meta-nav\">&rarr;<\/span><\/a><\/p>\n","protected":false},"author":1,"featured_media":0,"parent":8,"menu_order":0,"comment_status":"closed","ping_status":"closed","template":"","meta":{"footnotes":""},"class_list":["post-24","page","type-page","status-publish","hentry"],"_links":{"self":[{"href":"https:\/\/kirsten-klein.de\/index.php?rest_route=\/wp\/v2\/pages\/24","targetHints":{"allow":["GET"]}}],"collection":[{"href":"https:\/\/kirsten-klein.de\/index.php?rest_route=\/wp\/v2\/pages"}],"about":[{"href":"https:\/\/kirsten-klein.de\/index.php?rest_route=\/wp\/v2\/types\/page"}],"author":[{"embeddable":true,"href":"https:\/\/kirsten-klein.de\/index.php?rest_route=\/wp\/v2\/users\/1"}],"replies":[{"embeddable":true,"href":"https:\/\/kirsten-klein.de\/index.php?rest_route=%2Fwp%2Fv2%2Fcomments&post=24"}],"version-history":[{"count":7,"href":"https:\/\/kirsten-klein.de\/index.php?rest_route=\/wp\/v2\/pages\/24\/revisions"}],"predecessor-version":[{"id":85,"href":"https:\/\/kirsten-klein.de\/index.php?rest_route=\/wp\/v2\/pages\/24\/revisions\/85"}],"up":[{"embeddable":true,"href":"https:\/\/kirsten-klein.de\/index.php?rest_route=\/wp\/v2\/pages\/8"}],"wp:attachment":[{"href":"https:\/\/kirsten-klein.de\/index.php?rest_route=%2Fwp%2Fv2%2Fmedia&parent=24"}],"curies":[{"name":"wp","href":"https:\/\/api.w.org\/{rel}","templated":true}]}}

Teufelsbrut – Die Kinderhexen von Bärenbrück

<p><img loading="lazy" decoding="async" class="alignnone size-medium wp-image-35" src="http://kirsten-klein.de/wp-content/uploads/2016/07/teufelsbrut-198x300.jpg" alt="teufelsbrut" width="198" height="300" srcset="https://kirsten-klein.de/wp-content/uploads/2016/07/teufelsbrut-198x300.jpg 198w, https://kirsten-klein.de/wp-content/uploads/2016/07/teufelsbrut.jpg 500w" sizes="auto, (max-width: 198px) 100vw, 198px" /></p>
<p>Historischer Roman</p>
<p class="western" align="JUSTIFY">Bärenbrück, eine mittelgroße deutsche Stadt, im Frühjahr 1669: Die fünfjährige Marie Schaffer erzählt, sie fahre nachts mit ihrer Großmutter auf Besen oder Böcken zum Hexentanz hinaus und entfacht damit ein Lauffeuer, das bis zu Pfarrer Gottlob Lammer dringt. Der befragt das Kind und zeigt die Großmutter wegen des Verdachts auf Hexerei an. Ermutigt durch Marie, behauptet die zehnjährige Anna Wagner, der Teufel komme nachts zu ihr und beschlafe sie. Vergeblich hat sie sich bisher von ihrer Mutter Unterstützung erhofft. Dann springt auch noch ein Funke des von Marie entfachten Lauffeuers auf den zwölfjährigen Martin Heiliger über, ein vernachlässigtes Tagelöhnerkind, das heimlich die Barbara Bickler aus der Nachbarschaft verehrt. Als Barbara schwanger wird und sich vermählt, fühlt Martin sich von ihr verraten und bezichtigt sie sowie sich selbst während der Hochzeitsfeier der Teufelsbuhlerei. Spitalpfarrer Gernot Weiß will ihn vor der Inhaftierung im Verlies des Hexenturms bewahren. Doch nicht nur Martin ist bedroht. Während Barbara sich künftig umgeben sieht von insgeheimen Anschuldigungen und schwelendem Misstrauen, kommt der „Teufel“ nachts weiterhin zu Anna.</p>
<p class="western" align="JUSTIFY">epubli, Paperback, 14,90 €, ISBN: 978-3-7375-2336-3</p>
<p class="western" align="JUSTIFY">neobooks, eBook, 2,99 €, ISBN: 978-3-7380-0566-0</p>

<p>Historischer Roman Bärenbrück, eine mittelgroße deutsche Stadt, im Frühjahr 1669: Die fünfjährige Marie Schaffer erzählt, sie fahre nachts mit ihrer Großmutter auf Besen oder Böcken zum Hexentanz hinaus und entfacht damit ein Lauffeuer, das bis zu Pfarrer Gottlob Lammer dringt. &hellip; <a href="https://kirsten-klein.de/?page_id=24">Weiterlesen <span class="meta-nav">&rarr;</span></a></p>
