{"id":163,"date":"2020-04-26T19:34:19","date_gmt":"2020-04-26T17:34:19","guid":{"rendered":"https:\/\/kirsten-klein.de\/?page_id=163"},"modified":"2020-04-26T19:34:19","modified_gmt":"2020-04-26T17:34:19","slug":"jaspers-laecheln-ein-heidelberg-krimi","status":"publish","type":"page","link":"https:\/\/kirsten-klein.de\/?page_id=163","title":{"rendered":"Jaspers L\u00e4cheln \u2013 ein Heidelberg Krimi"},"content":{"rendered":"<p>&#8222;Jaspers L\u00e4cheln \u2013 ein Heidelberg Krimi, erschienen im J. S. Klotz Verlagshaus (ISBN: 978-3-948424-61-9, 15,00 \u20ac)<\/p>\n<p><img loading=\"lazy\" decoding=\"async\" class=\"alignnone size-medium wp-image-155\" src=\"https:\/\/kirsten-klein.de\/wp-content\/uploads\/2020\/04\/IMG0142A-225x300.jpg\" alt=\"\" width=\"225\" height=\"300\" srcset=\"https:\/\/kirsten-klein.de\/wp-content\/uploads\/2020\/04\/IMG0142A-225x300.jpg 225w, https:\/\/kirsten-klein.de\/wp-content\/uploads\/2020\/04\/IMG0142A-768x1024.jpg 768w, https:\/\/kirsten-klein.de\/wp-content\/uploads\/2020\/04\/IMG0142A-1152x1536.jpg 1152w, https:\/\/kirsten-klein.de\/wp-content\/uploads\/2020\/04\/IMG0142A.jpg 1200w\" sizes=\"auto, (max-width: 225px) 100vw, 225px\" \/><\/p>\n<p>Wenn Jasper l\u00e4chelt, haben andere nichts zu lachen. Lizzy ist unter ihm aufgewachsen, im &#8222;Erdschloss&#8220;. Sie kennt ihn nur l\u00e4chelnd. Als es ihr im &#8222;Erdschloss&#8220; zu eng wird und ihre Sehnsucht nach Freiheit zu gro\u00df, flieht sie.<\/p>\n<p>Wenig sp\u00e4ter raufen sich im Heidelberger Stadtwald Hunde um einen Knochen. Hauptkommissarin Fiona Freimuth stellt ihn sicher und identifiziert ihn als menschliches Wadenbein. Wo ist das \u00fcbrige Skelett, und wem geh\u00f6rte es? Gibt es eine Verbindung zu ihrer eigenen schmerzlichen Vergangenheit?<\/p>\n<p>Unterdessen irrt Lizzy durch Heidelberg und schlie\u00dft sich dem Studenten Paul an. Doch Jasper \u00fcberwacht sie und l\u00e4chelt &#8230;<\/p>\n","protected":false},"excerpt":{"rendered":"<p>&#8222;Jaspers L\u00e4cheln \u2013 ein Heidelberg Krimi, erschienen im J. S. Klotz Verlagshaus (ISBN: 978-3-948424-61-9, 15,00 \u20ac) Wenn Jasper l\u00e4chelt, haben andere nichts zu lachen. Lizzy ist unter ihm aufgewachsen, im &#8222;Erdschloss&#8220;. Sie kennt ihn nur l\u00e4chelnd. Als es ihr im &hellip; <a href=\"https:\/\/kirsten-klein.de\/?page_id=163\">Weiterlesen <span class=\"meta-nav\">&rarr;<\/span><\/a><\/p>\n","protected":false},"author":1,"featured_media":0,"parent":0,"menu_order":0,"comment_status":"closed","ping_status":"closed","template":"","meta":{"footnotes":""},"class_list":["post-163","page","type-page","status-publish","hentry"],"_links":{"self":[{"href":"https:\/\/kirsten-klein.de\/index.php?rest_route=\/wp\/v2\/pages\/163","targetHints":{"allow":["GET"]}}],"collection":[{"href":"https:\/\/kirsten-klein.de\/index.php?rest_route=\/wp\/v2\/pages"}],"about":[{"href":"https:\/\/kirsten-klein.de\/index.php?rest_route=\/wp\/v2\/types\/page"}],"author":[{"embeddable":true,"href":"https:\/\/kirsten-klein.de\/index.php?rest_route=\/wp\/v2\/users\/1"}],"replies":[{"embeddable":true,"href":"https:\/\/kirsten-klein.de\/index.php?rest_route=%2Fwp%2Fv2%2Fcomments&post=163"}],"version-history":[{"count":1,"href":"https:\/\/kirsten-klein.de\/index.php?rest_route=\/wp\/v2\/pages\/163\/revisions"}],"predecessor-version":[{"id":167,"href":"https:\/\/kirsten-klein.de\/index.php?rest_route=\/wp\/v2\/pages\/163\/revisions\/167"}],"wp:attachment":[{"href":"https:\/\/kirsten-klein.de\/index.php?rest_route=%2Fwp%2Fv2%2Fmedia&parent=163"}],"curies":[{"name":"wp","href":"https:\/\/api.w.org\/{rel}","templated":true}]}}